est common factor of 2708819 and 2?
1
Calculate the highest common divisor of 7589049 and 819.
39
What is the highest common divisor of 11714272 and 11766?
106
Calculate the greatest common factor of 9428135 and 5.
5
Calculate the greatest common divisor of 11 and 1662791.
1
Calculate the greatest common divisor of 1140148 and 15347.
149
Calculate the greatest common divisor of 9064747 and 113.
113
What is the greatest common divisor of 2412890 and 808?
202
What is the greatest common factor of 150 and 411666?
6
What is the highest common factor of 36593865 and 36729?
693
Calculate the highest common divisor of 366114 and 84.
42
What is the greatest common factor of 24 and 7925696?
8
Calculate the greatest common factor of 2358818 and 204358.
154
Calculate the greatest common factor of 9571272 and 40.
8
What is the highest common factor of 224 and 473504?
32
Calculate the highest common divisor of 10399774 and 497.
7
What is the highest common factor of 179645620 and 284?
284
Calculate the greatest common divisor of 72 and 17462421.
9
What is the greatest common factor of 2294845 and 301885?
865
What is the highest common divisor of 21 and 9835203?
21
What is the highest common factor of 653488 and 299728?
176
Calculate the highest common divisor of 1658 and 82270789.
829
Calculate the highest common divisor of 66 and 14297217.
33
What is the greatest common factor of 4515 and 1761151?
301
What is the highest common factor of 535110599 and 71?
71
Calculate the greatest common divisor of 135947355 and 1005.
1005
Calculate the highest common factor of 37244144 and 9520.
1904
What is the highest common divisor of 71495982 and 102?
102
Calculate the highest common factor of 1521559 and 4511.
13
Calculate the greatest common divisor of 5696 and 23033200.
1424
Calculate the highest common factor of 366 and 139062.
6
Calculate the greatest common factor of 70384 and 3145285.
4399
Calculate the greatest common divisor of 3423166 and 4432.
554
Calculate the greatest common divisor of 23887559 and 7408.
463
What is the greatest common divisor of 5338 and 1115200?
34
Calculate the highest common divisor of 8104782 and 70.
14
What is the greatest common divisor of 190 and 15028700?
10
Calculate the highest common factor of 17144 and 38441134.
4286
Calculate the highest common divisor of 39549 and 18747.
3
Calculate the greatest common divisor of 1568 and 3074701.
49
What is the greatest common divisor of 80710370 and 65?
65
Calculate the highest common divisor of 38784 and 567936.
384
Calculate the highest common divisor of 790721 and 2201551.
3281
What is the greatest common factor of 533659 and 66052?
49
Calculate the greatest common divisor of 2515744 and 289964.
4084
Calculate the greatest common factor of 1129 and 1374863459.
1129
Calculate the greatest common factor of 3784 and 7122412.
44
What is the highest common divisor of 47985 and 227570?
35
What is the greatest common divisor of 454 and 1584831826?
454
Calculate the highest common divisor of 1870252 and 12.
4
What is the greatest common divisor of 33056 and 24408757?
1033
What is the greatest common divisor of 297637190 and 170?
170
Calculate the greatest common factor of 165357950 and 550.
50
Calculate the highest common divisor of 104076 and 2120328.
1764
What is the greatest common factor of 373652934 and 606?
606
Calculate the greatest common divisor of 150643 and 884953.
199
Calculate the highest common divisor of 66688 and 11807944.
4168
Calculate the greatest common divisor of 900643 and 496.
31
What is the greatest common divisor of 55 and 1567464745?
55
Calculate the highest common factor of 644325 and 32065.
605
What is the greatest common divisor of 28 and 3718386?
14
Calculate the highest common factor of 5090418 and 32421.
321
Calculate the highest common factor of 19362475 and 1650.
275
Calculate the highest common divisor of 35601 and 8064.
3
Calculate the greatest common divisor of 4860 and 484540380.
1620
What is the greatest common divisor of 277810 and 16250?
130
What is the greatest common factor of 5100282 and 1584?
198
Calculate the highest common divisor of 81720559 and 1412.
353
Calculate the greatest common factor of 13652581 and 3349.
17
What is the greatest common divisor of 265 and 45342030?
265
What is the greatest common divisor of 287805550 and 310?
310
Calculate the highest common factor of 1878 and 250440.
6
Calculate the highest common divisor of 10624 and 96601376.
2656
Calculate the highest common divisor of 56757 and 1554.
3
What is the highest common factor of 33286 and 1509974?
3026
Calculate the highest common divisor of 1382236 and 16898.
34
What is the highest common factor of 630 and 10305855?
315
What is the greatest common divisor of 231 and 11441760?
33
Calculate the highest common factor of 12 and 6613356.
12
What is the highest common factor of 42315 and 277795?
35
Calculate the highest common divisor of 4102 and 1873410.
14
What is the greatest common divisor of 3432 and 779394?
66
What is the greatest common factor of 1926 and 1073286?
18
Calculate the highest common divisor of 10131 and 13629.
33
What is the greatest common factor of 3728 and 1274044?
932
Calculate the highest common divisor of 81388048 and 80.
16
Calculate the greatest common divisor of 5 and 707904725.
5
Calculate the greatest common divisor of 4065 and 6599595.
15
Calculate the greatest common factor of 146 and 433502.
2
Calculate the highest common factor of 15418184 and 21097.
1241
Calculate the greatest common divisor of 122133578 and 392.
98
Calculate the greatest common factor of 6384 and 2091558.
798
What is the highest common divisor of 19701848 and 4?
4
What is the highest common divisor of 334242 and 953622?
558
Calculate the highest common divisor of 13158 and 59646676.
1462
Calculate the greatest common divisor of 665 and 348783.
19
What is the highest common divisor of 17109 and 3568177?
1901
What is the highest common divisor of 702 and 316149210?
702
Calculate the greatest common divisor of 12508 and 207562.
118
What is the highest common factor of 7267 and 66056471?
559
What is the highest common factor of 126368 and 179168?
352
What is the highest common divisor of 319 and 1392087?
29
What is the highest common divisor of 3785381 and 6957?
773
Calculate the highest common divisor of 200 and 920665.
5
What is the highest common divisor of 2655 and 309396?
177
What is the greatest common factor of 2499 and 419244?
147
Calculate the greatest common divisor of 5705 and 53025.
35
Calculate the greatest common divisor of 51699680 and 1520.
80
What is the greatest common factor of 226275 and 10500?
525
Calculate the greatest common factor of 22 and 6692988.
2
What is the highest common factor of 35836 and 208080?
1156
What is the highest common divisor of 11490818 and 4?
2
Calculate the greatest common divisor of 351 and 307437.
39
What is the highest common factor of 2248 and 82024?
8
What is the highest common factor of 88305 and 30189?
87
What is the highest common divisor of 951275940 and 8220?
8220
Calculate the greatest common divisor of 2258108782 and 932.
466
Calculate the greatest common divisor of 216 and 93966.
6
What is the highest common divisor of 32 and 5739184?
16
Calculate the highest common divisor of 611296 and 21504.
224
What is the greatest common factor of 2330809 and 86346?
533
Calculate the greatest common divisor of 1200168 and 501808.
632
Calculate the highest common factor of 1804 and 71309865.
451
What is the greatest common divisor of 75315 and 68565?
15
What is the greatest common factor of 6271845 and 375645?
4755
Calculate the greatest common divisor of 106 and 23476.
2
What is the greatest common factor of 50964 and 61845?
93
Calculate the highest common divisor of 9747 and 350109.
27
What is the greatest common divisor of 35394 and 7310?
34
Calculate the highest common divisor of 255232 and 27780408.
7976
What is the greatest common divisor of 721956 and 624444?
204
Calculate the highest common factor of 573852 and 1261.
97
Calculate the highest common factor of 99662255 and 67760.
4235
What is the greatest common divisor of 3410 and 673382?
62
What is the greatest common divisor of 117860 and 4981076?
284
What is the greates